-l**2 - 2*l + 1. Suppose -4*y = -r + 3 - 2, 17 = -3*y + 4*r. Let n(i) = -1. Let u(d) = y*q(d) - 4*n(d). What is u(-4)?
-3
Let v(l) = -5*l + 8. Suppose -b - 3*z = 0, -2 - 2 = 2*z. Calculate v(b).
-22
Let p(n) = -n**3 + 27*n**2 - 35*n + 230. Let y be p(26). Let q(r) = -r**3 - 5*r**2 - 5*r - 2. Determine q(y).
2
Let j(m) = -4*m - 9 + 2*m + 3*m. Suppose 3*p = -4*u + 35, -14*u = -15*u - 5*p + 30. Calculate j(u).
-4
Let s(a) = 2*a**3 + 2*a**2. Let c(b) = -3*b**3 - 2*b**2 - 1. Let u(q) = c(q) + 3*s(q). Determine u(-3).
-46
Let b(l) = l + 2. Let u(v) = -2. Let h(o) = 3. Let d(j) = 3*h(j) + 4*u(j). Let f(n) = -2*b(n) + 6*d(n). Give f(3).
-4
Let n be ((-110)/88)/((-2)/8). Let p be (-1 - -2) + 6 + -3. Let f(q) = 64 - 60 - p*q**2 + n*q**2 + 5*q. Determine f(-5).
4
Let p = -99 + 98. Let f(j) = 4*j - 1. What is f(p)?
-5
Let v(p) = -2*p**2 + 2*p + 3 - 3*p**2 + 915*p**3 - 913*p**3. What is v(3)?
18
Let x = 0 + 4. Let t(m) = -4*m + 3 + 0 - x. Let w = 6982 + -6981. Give t(w).
-5
Let t(x) = 21*x + 30*x - 87*x + 29*x + 2*x**2 + 4. What is t(4)?
8
Let v(z) = z - 4. Let g(u) = -u**2 + 7*u - 7. Let o(w) = w**3 - w**2 + w - 4. Let c be o(0). Let k = c + 9. Let h be g(k). What is v(h)?
-1
Let a(g) be the first derivative of -g**2/2 + 2*g - 47. Give a(-2).
4
Let y(m) = 3*m**2 - 8*m. Let z(r) = r**2 - r + 1. Let l(p) = -p**2 - 6*p + 6. Let d be l(-7). Let v(h) = d*y(h) + 4*z(h). What is v(-5)?
9
Let i(l) = -l - 2. Let z be i(6). Let s = 15 + z. Suppose -2*x + 0 = 4*r - 22, -5*x = -2*r - s. Let f(c) = -c - 5. Give f(r).
-9
Let g(n) = 14*n**2 + 50*n + 131. Let f(d) = 5*d**2 + 17*d + 45. Let p(m) = 17*f(m) - 6*g(m). Give p(13).
5
Let a(i) be the third derivative of i**6/60 + i**5/30 + i**4/12 + i**3/2 - i**2. Let c(h) = h**2 + 2*h + 1 + 1 - 3*h**2. Let o be c(-1). Calculate a(o).
-9
Let x = -454 + 460. Let q(b) = -b**3 + 5*b**2 + 2*b + 8. Give q(x).
-16
Let h(z) be the first derivative of z**4/4 + z**3/3 - z**2/2 + 12*z + 93. Give h(0).
12
Suppose -4*r - 5 = 3. Let j(m) = -3*m**3 - m - 6. Let w(q) be the second derivative of q**5/5 + q**3/3 + 7*q**2/2 - q. Let b(k) = r*w(k) - 3*j(k). What is b(0)?
4
Let t(d) = -d**2 + 2*d - 4. Let p be (5/10)/((-3)/6). Let k(f) = -f - 1. Let z(x) = p*t(x) - 3*k(x). Let h be 1*(-1 + 0)*0. Determine z(h).
7
Suppose -5*b + 50 = 4*f, 5*f - 25 = b + 23. Let i be 90/(-36)*(-4)/5. Let s(c) = -5*c - i*c**3 + f*c - 6*c. Determine s(-1).
3
Suppose 4*p - 5*a = 8, 9 = -63*p + 62*p + 4*a. Let x(f) = -f**3 + 8*f**2 - 8*f - 3. Determine x(p).
-10
Let j(p) = -p**2 - 5*p + 8. Let s be (-6)/(-4)*(65/15 + 5). Suppose 15*n - s*n + 8 = 0. Calculate j(n).
-16
Let i(m) = -3*m**2 + 2*m - 1. Let g be i(1). Let v(c) = -140 - 184*c**2 + 182*c**2 + 138 - 2*c. Give v(g).
-6
Let z(k) be the first derivative of -k**4/4 - 4*k**3/3 + k**2/2 - k + 433. Determine z(-4).
-5
Let h(z) = -2*z + z + 18 - 13. Suppose v = -2*v. Let g be h(v). Let l(c) = c**2 - 7*c + 5. What is l(g)?
-5
Let v(c) = -c**3 - 6*c**2 + 3*c + 19. Let t be v(-6). Let i(u) = -37*u - 1. Determine i(t).
-38
Suppose -12 = -c - 4*c + 2*v, -4*c - 3*v = -5. Let y be ((-3)/5)/(c/10). Let m(o) = -4*o - 6. Let u(w) = 5*w + 7. Let h(g) = -4*m(g) - 3*u(g). What is h(y)?
0
Let p(a) = a**2 - 4*a + 4. Let b(f) = f. Let d(i) = -3*b(i) - p(i). Let c = -13326 + 13330. Determine d(c).
-16
Suppose -2*d + 3 = -0*s + s, -s = -2*d - 7. Let z(a) = a - 3. What is z(s)?
2
Let v(l) = -l**3 - 5*l**2 - 6*l - 1. Let w be v(-4). Let u(y) = -9 + y - 2*y + 3 + 1. Give u(w).
-12
Let a(v) = -v**3 - 7*v**2 + 6*v - 1. Let s be a(-8). Let g = s - 20. Let t(f) = -2*f - 7. Determine t(g).
3
Let w(b) = 2*b - 15. Let m(v) = -v - 29. Let z be m(-28). Let j be (10 + -21)/(z + 0). Calculate w(j).
7
Let z(u) be the second derivative of -u**4/8 - u**3/6 - 10*u**2 - 5*u. Let o(p) be the first derivative of z(p). Calculate o(-3).
8
Let u(d) = d**3 + 3*d**2 - 6*d - 1. Suppose -3*b - 65 = 5*f, -4*f + 4*b - 30 = 2*b. Let x = f - -15. Let w(q) = -q + 1. Let z be w(x). Calculate u(z).
7
Let y(h) = -42*h + 23. Let p(q) = 28*q - 15. Let k(f) = 7*p(f) + 5*y(f). Let x(c) = -9*c + 7. Let w(u) = -5*k(u) + 7*x(u). Give w(-3).
-22
Suppose -12 = -3*m + 7*m. Let w(c) = -4*c + 12*c - 5*c - 2 - c + 0. Determine w(m).
-8
Let h(m) be the second derivative of -m**4/2 + m. Let u(t) = -12*t**2 + 16*t - 2*t + 4*t + t**3 + 19. Let o be u(10). Calculate h(o).
-6
Let g(z) = -5*z + 8*z**2 - 21*z**2 + 2 + 5*z**2 + 3*z**2. Determine g(-4).
-58
Suppose -2*g = -2*g + 2*g. Suppose f + g*k + 1 = 3*k, -4*k + 2 = -2*f. Let a(b) = -7*b**3 - b**2 - b. Determine a(f).
7
Let a(l) = -l**2 + 6*l - 1. Let h(r) = r**2. Let j(s) = -a(s) - 2*h(s). Suppose 3*n - 5*n = 18. Let i = 4 + n. Calculate j(i).
6
Let k(h) = h + 3. Let z be k(0). Let j = 2 + z. Suppose 0*b + 2*b + j*p = -18, -b + 2*p = 0. Let g(u) = -u**3 - 3*u**2 + 5*u + 6. What is g(b)?
2
Let n = -149 - -154. Let d(u) = u**3 - 5*u**2 - 3*u + 7. Determine d(n).
-8
Let k(y) be the second derivative of -y**4/6 + 5*y**3/2 + 10*y**2 - 379*y. Calculate k(9).
-7
Let j(f) = f + 2. Suppose 25*k = 22*k + 15. Give j(k).
7
Let u(o) = -3*o + 44. Let h(c) = 2*c - 23. Let p(v) = 5*h(v) + 3*u(v). Determine p(-12).
5
Let d = -79 + 80. Let c(z) = 24*z - 1. Calculate c(d).
23
Let y = -50 - -50. Let l(o) be the second derivative of o + y + 3/2*o**2 + 1/2*o**3 + 1/12*o**4. Give l(-3).
3
Let m(l) = l - 10. Let g be m(9). Let v(d) = 1 - 37389*d + 37391*d - 1. Calculate v(g).
-2
Suppose n - 2*n = -16. Let k be ((-8)/n)/(2/(-4)). Let r(a) = 13*a**2 + 2*a - 1. Give r(k).
14
Let c(p) = -p**3 + 2*p**2 - 1. Let z be (-9 + 17)*(-2)/(-8). Suppose 2*d + 4*a + 60 = -d, -40 = z*d - 3*a. Let g = d + 22. What is c(g)?
-1
Let g(j) = 4*j - 6. Let v(m) = 5*m - 6. Let z be (-20)/(-5)*11/(-4). Let f be 1*-1 - 66/z. Let i(t) = f*v(t) - 6*g(t). Determine i(0).
6
Suppose -9*t + 12*t - 4*r = 4, -4*t + 2 = -2*r. Let b(x) be the second derivative of -3*x**2 - 5*x + 1/6*x**3 + t. Determine b(4).
-2
Let h(o) = 0*o + 4 + 2*o - o. Suppose 0 = -0*z - 5*z - 2*w - 2, 0 = 4*z + 2*w. Let g be 7/z + 13/(-26). Give h(g).
0
Let l(r) = 3*r - 50. Let q be l(20). Let p be (q/8)/((-4)/16). Let n(v) = -v**3 - 6*v**2 - 5*v + 7. Give n(p).
7
Let g(m) = 13*m - 104. Let a be g(8). Let l(v) = -v**3 + v**2 - v + 7. Give l(a).
7
Let x(o) = -8*o**2 + 5*o + 40. Let u(k) = 3*k**2 - 2*k - 15. Let i(y) = 11*u(y) + 4*x(y). Give i(5).
10
Let d = -18 - -13. Let r(u) = -u - 1. Let b(l) = 5*l - 1. Let g(o) = b(o) + 6*r(o). Calculate g(d).
-2
Let a(q) = -9*q + 7. Let i(w) = 5*w - 7. Let u(t) = -3*a(t) - 4*i(t). Determine u(5).
42
Let h(r) = -9*r + 4. Let c = -334 + 330. Calculate h(c).
40
Let z(f) = -f + 6. Let w be z(4). Suppose -g = -w*g. Let d(m) be the first derivative of -m**4/4 + m**3/3 - m**2/2 - 3. Give d(g).
0
Let m(r) = -3*r**2 + 21*r - 3. Let v(j) be the second derivative of j**4/6 - 7*j**3/3 + j**2 - 6*j. Let q(n) = -5*m(n) - 7*v(n). What is q(6)?
-5
Suppose -41 = -6*z - 17. Let h(s) be the third derivative of -s**6/120 + s**5/20 + s**4/8 - s**3/2 + 3*s**2. Calculate h(z).
-7
Suppose 0 = q + q - 8. Let n be q + (1 - -1) + -4. Let o(g) = -g**3 - 5*g**2 - 4*g + 6. Let v(c) = c**3 - c - 1. Let m(r) = n*v(r) + o(r). What is m(6)?
4
Let l(a) = 2 - 2*a - 12 + 4. Let b(s) = -s - 3. Let g(p) = -5*b(p) + 2*l(p). Let y(i) = -i**3 + 2*i**2 + 2*i. Let q be y(3). What is g(q)?
0
Let y(n) = -n - 3 + n**2 + 10*n + 2*n + 11. Suppose -3*q + 6*x - x = 14, -18 = 3*q - 3*x. Determine y(q).
-16
Let d(q) = -q**2 + 3*q. Let g be d(3). Let j(k) = 0*k**2 + g*k + 13 - 15 + k**2 + 3*k. What is j(2)?
8
Suppose 0 = 5*i + 5*x - 50, -x + 0 + 25 = 4*i. Let w = i - -5. Let v(t) = -w*t + 7 - 3 - 3*t**2 + 4*t**2. Determine v(9).
-5
Let l be 14*(4 - (-35)/(-10)). Let v(w) = -w**2 + 8*w - 9. Calculate v(l).
-2
Let p(n) be the first derivative of n**4/4 + 2*n**3 + 6*n - 2564. Let u be 2/(-1) + 2 - 6. Calculate p(u).
6
Let z(y) be the third derivative of -y**7/2520 + y**6/144 + y**5/30 - 5*y**4/12 + 5*y**2. Let q(f) be the second derivative of z(f). Give q(5).
4
Let a be ((-2)/6)/(11/99). Suppose -4*l - h + 28 = -0*l, 3*l + 4*h = 8. Let o(j) = -2*j**2 - l*j + 3*j + 3*j. Give o(a).
-12
Let m(x) = x**3 + x + 2. Let d(h) = h**2 - 13*h - 16. Let j be d(14). What is m(j)?
-8
Let n(k) = 2 + 2*k + 0*k**2 + 1 - 8*k**2 - 1. Give n(-2).
-34
Let d(b) =